{"id":212,"date":"2020-09-21T22:38:11","date_gmt":"2020-09-21T22:38:11","guid":{"rendered":"http:\/\/cinaweb.org\/tienda\/?page_id=212"},"modified":"2026-04-17T10:42:41","modified_gmt":"2026-04-17T13:42:41","slug":"inicio","status":"publish","type":"page","link":"https:\/\/neufitech.com.ar\/","title":{"rendered":"Inicio"},"content":{"rendered":"\t\t<div data-elementor-type=\"wp-page\" data-elementor-id=\"212\" class=\"elementor elementor-212\">\n\t\t\t\t\t\t<section class=\"elementor-section elementor-top-section elementor-element elementor-element-4d53e09 elementor-section-full_width elementor-section-stretched elementor-section-height-default elementor-section-height-default\" data-id=\"4d53e09\" data-element_type=\"section\" data-e-type=\"section\" data-settings=\"{&quot;stretch_section&quot;:&quot;section-stretched&quot;}\">\n\t\t\t\t\t\t<div class=\"elementor-container elementor-column-gap-default\">\n\t\t\t\t\t<div class=\"elementor-column elementor-col-100 elementor-top-column elementor-element elementor-element-3505a7d\" data-id=\"3505a7d\" data-element_type=\"column\" data-e-type=\"column\">\n\t\t\t<div class=\"elementor-widget-wrap elementor-element-populated\">\n\t\t\t\t\t\t<div class=\"elementor-element elementor-element-ce088fc elementor-widget elementor-widget-spacer\" data-id=\"ce088fc\" data-element_type=\"widget\" data-e-type=\"widget\" data-widget_type=\"spacer.default\">\n\t\t\t\t<div class=\"elementor-widget-container\">\n\t\t\t\t\t\t\t<div class=\"elementor-spacer\">\n\t\t\t<div class=\"elementor-spacer-inner\"><\/div>\n\t\t<\/div>\n\t\t\t\t\t\t<\/div>\n\t\t\t\t<\/div>\n\t\t\t\t\t<\/div>\n\t\t<\/div>\n\t\t\t\t\t<\/div>\n\t\t<\/section>\n\t\t\t\t<section class=\"elementor-section elementor-top-section elementor-element elementor-element-ddb8415 elementor-section-full_width elementor-section-stretched elementor-section-content-middle elementor-section-height-default elementor-section-height-default\" data-id=\"ddb8415\" data-element_type=\"section\" data-e-type=\"section\" data-settings=\"{&quot;stretch_section&quot;:&quot;section-stretched&quot;}\">\n\t\t\t\t\t\t<div class=\"elementor-container elementor-column-gap-custom\">\n\t\t\t\t\t<div class=\"elementor-column elementor-col-50 elementor-top-column elementor-element elementor-element-0cbe5b4\" data-id=\"0cbe5b4\" data-element_type=\"column\" data-e-type=\"column\">\n\t\t\t<div class=\"elementor-widget-wrap elementor-element-populated\">\n\t\t\t\t\t\t<div class=\"elementor-element elementor-element-eafece3 elementor-widget elementor-widget-image\" data-id=\"eafece3\" data-element_type=\"widget\" data-e-type=\"widget\" data-widget_type=\"image.default\">\n\t\t\t\t<div class=\"elementor-widget-container\">\n\t\t\t\t\t\t\t\t\t\t\t\t\t\t\t<img fetchpriority=\"high\" decoding=\"async\" width=\"768\" height=\"129\" src=\"https:\/\/neufitech.com.ar\/wp-content\/uploads\/2025\/07\/neufi-768x129.png\" class=\"attachment-medium_large size-medium_large wp-image-3797\" alt=\"\" srcset=\"https:\/\/neufitech.com.ar\/wp-content\/uploads\/2025\/07\/neufi-768x129.png 768w, https:\/\/neufitech.com.ar\/wp-content\/uploads\/2025\/07\/neufi-300x50.png 300w, https:\/\/neufitech.com.ar\/wp-content\/uploads\/2025\/07\/neufi.png 997w\" sizes=\"(max-width: 768px) 100vw, 768px\" \/>\t\t\t\t\t\t\t\t\t\t\t\t\t\t\t<\/div>\n\t\t\t\t<\/div>\n\t\t\t\t<div class=\"elementor-element elementor-element-434fde2 elementor-widget__width-initial elementor-widget elementor-widget-heading\" data-id=\"434fde2\" data-element_type=\"widget\" data-e-type=\"widget\" data-widget_type=\"heading.default\">\n\t\t\t\t<div class=\"elementor-widget-container\">\n\t\t\t\t\t<h4 class=\"elementor-heading-title elementor-size-default\">Haciendo que los cambios ocurran<\/h4>\t\t\t\t<\/div>\n\t\t\t\t<\/div>\n\t\t\t\t<div class=\"elementor-element elementor-element-5441d3e elementor-widget__width-initial elementor-widget elementor-widget-heading\" data-id=\"5441d3e\" data-element_type=\"widget\" data-e-type=\"widget\" data-widget_type=\"heading.default\">\n\t\t\t\t<div class=\"elementor-widget-container\">\n\t\t\t\t\t<h5 class=\"elementor-heading-title elementor-size-default\">Trabajamos cada d\u00eda para construir un mundo m\u00e1s accesible, donde la inclusi\u00f3n sea una experiencia real y no una promesa.<\/h5>\t\t\t\t<\/div>\n\t\t\t\t<\/div>\n\t\t\t\t<div class=\"elementor-element elementor-element-c5bcebb elementor-align-center elementor-widget__width-initial elementor-widget elementor-widget-button\" data-id=\"c5bcebb\" data-element_type=\"widget\" data-e-type=\"widget\" data-widget_type=\"button.default\">\n\t\t\t\t<div class=\"elementor-widget-container\">\n\t\t\t\t\t\t\t\t\t<div class=\"elementor-button-wrapper\">\n\t\t\t\t\t<a class=\"elementor-button elementor-button-link elementor-size-sm\" href=\"https:\/\/neufitech.com.ar\/index.php\/contacto\/\">\n\t\t\t\t\t\t<span class=\"elementor-button-content-wrapper\">\n\t\t\t\t\t\t\t\t\t<span class=\"elementor-button-text\">Contacto<\/span>\n\t\t\t\t\t<\/span>\n\t\t\t\t\t<\/a>\n\t\t\t\t<\/div>\n\t\t\t\t\t\t\t\t<\/div>\n\t\t\t\t<\/div>\n\t\t\t\t<div class=\"elementor-element elementor-element-7803c1b elementor-widget__width-initial elementor-widget elementor-widget-button\" data-id=\"7803c1b\" data-element_type=\"widget\" data-e-type=\"widget\" data-widget_type=\"button.default\">\n\t\t\t\t<div class=\"elementor-widget-container\">\n\t\t\t\t\t\t\t\t\t<div class=\"elementor-button-wrapper\">\n\t\t\t\t\t<a class=\"elementor-button elementor-button-link elementor-size-sm\" href=\"https:\/\/neufitech.com.ar\/index.php\/software\/\">\n\t\t\t\t\t\t<span class=\"elementor-button-content-wrapper\">\n\t\t\t\t\t\t\t\t\t<span class=\"elementor-button-text\">Programas<\/span>\n\t\t\t\t\t<\/span>\n\t\t\t\t\t<\/a>\n\t\t\t\t<\/div>\n\t\t\t\t\t\t\t\t<\/div>\n\t\t\t\t<\/div>\n\t\t\t\t\t<\/div>\n\t\t<\/div>\n\t\t\t\t<div class=\"elementor-column elementor-col-50 elementor-top-column elementor-element elementor-element-7496864\" data-id=\"7496864\" data-element_type=\"column\" data-e-type=\"column\">\n\t\t\t<div class=\"elementor-widget-wrap elementor-element-populated\">\n\t\t\t\t\t\t<div class=\"elementor-element elementor-element-5de2356 elementor-widget__width-initial elementor-invisible elementor-widget elementor-widget-image\" data-id=\"5de2356\" data-element_type=\"widget\" data-e-type=\"widget\" data-settings=\"{&quot;_animation&quot;:&quot;fadeInRight&quot;}\" data-widget_type=\"image.default\">\n\t\t\t\t<div class=\"elementor-widget-container\">\n\t\t\t\t\t\t\t\t\t\t\t\t\t\t\t<img decoding=\"async\" width=\"1280\" height=\"720\" src=\"https:\/\/neufitech.com.ar\/wp-content\/uploads\/2025\/11\/Inicio-web-Photoroom.png\" class=\"attachment-1536x1536 size-1536x1536 wp-image-5613\" alt=\"\" srcset=\"https:\/\/neufitech.com.ar\/wp-content\/uploads\/2025\/11\/Inicio-web-Photoroom.png 1280w, https:\/\/neufitech.com.ar\/wp-content\/uploads\/2025\/11\/Inicio-web-Photoroom-300x169.png 300w, https:\/\/neufitech.com.ar\/wp-content\/uploads\/2025\/11\/Inicio-web-Photoroom-1024x576.png 1024w, https:\/\/neufitech.com.ar\/wp-content\/uploads\/2025\/11\/Inicio-web-Photoroom-768x432.png 768w\" sizes=\"(max-width: 1280px) 100vw, 1280px\" \/>\t\t\t\t\t\t\t\t\t\t\t\t\t\t\t<\/div>\n\t\t\t\t<\/div>\n\t\t\t\t\t<\/div>\n\t\t<\/div>\n\t\t\t\t\t<\/div>\n\t\t<\/section>\n\t\t\t\t<section class=\"elementor-section elementor-top-section elementor-element elementor-element-5f1ef4d elementor-section-boxed elementor-section-height-default elementor-section-height-default\" data-id=\"5f1ef4d\" data-element_type=\"section\" data-e-type=\"section\">\n\t\t\t\t\t\t<div class=\"elementor-container elementor-column-gap-default\">\n\t\t\t\t\t<div class=\"elementor-column elementor-col-100 elementor-top-column elementor-element elementor-element-5d5d6b2\" data-id=\"5d5d6b2\" data-element_type=\"column\" data-e-type=\"column\">\n\t\t\t<div class=\"elementor-widget-wrap elementor-element-populated\">\n\t\t\t\t\t\t<div class=\"elementor-element elementor-element-f0cd4c1 elementor-widget elementor-widget-html\" data-id=\"f0cd4c1\" data-element_type=\"widget\" data-e-type=\"widget\" data-widget_type=\"html.default\">\n\t\t\t\t<div class=\"elementor-widget-container\">\n\t\t\t\t\t<style>\r\n  .contenedor-principal {\r\n    display: flex;\r\n    flex-direction: column;\r\n    padding: 40px 40px;\r\n    gap: 30px;\r\n    width: 100vw;\r\n    box-sizing: border-box;\r\n    max-width: 100%;\r\n  }\r\n\r\n  .fila {\r\n      width: 100%;\r\n      max-width: 100%;\r\n      margin: 0;\r\n      display: flex;\r\n      flex-wrap: wrap;\r\n      justify-content: space-evenly; \/* o como prefieras *\/\r\n      gap: 50px;\r\n      align-items: center;\r\n  }\r\n  \r\n .fila-soft {\r\n      width: 100%;\r\n      max-width: 100%;\r\n      margin: 0;\r\n      display: flex;\r\n      flex-wrap: wrap;\r\n      justify-content: space-evenly; \/* o como prefieras *\/\r\n      gap: 30px;\r\n      align-items: center;\r\n  }\r\n  \r\n  \/* Contenedor para im\u00e1genes, m\u00e1s ancho para agrandar *\/\r\n  .seccion.img-wrapper {\r\n    max-width: 700px;\r\n    width: 100%;\r\n    text-align: center;\r\n  }\r\n\r\n  \/* Contenedor para botones, tama\u00f1o fijo *\/\r\n  .seccion.boton-wrapper {\r\n    max-width: 280px;\r\n    width: 100%;\r\n    text-align: center;\r\n  }\r\n\r\n  \/* Imagen responsiva *\/\r\n  .img-dispositivo {\r\n    width: 100%;\r\n    height: auto;\r\n    border-radius: 10px;\r\n    max-width: none;\r\n  }\r\n\r\n  \/* Botones - tama\u00f1o constante *\/\r\n  .boton-eye,\r\n  .boton-soft,\r\n  .boton-disp {\r\n    box-shadow: 0 5px 15px rgba(0,0,0,0.1);\r\n    display: inline-block;\r\n    padding: 10px 20px;\r\n    border: none;\r\n    border-radius: 20px;\r\n    background: white;\r\n    text-decoration: none;\r\n    font-weight: bold;\r\n    color: black !important;\r\n    max-width: 280px;\r\n    width: auto;\r\n  }\r\n\r\n  \/* Colores y sombras espec\u00edficas *\/\r\n  .boton-eye {\r\n    box-shadow: 0 5px 15px rgba(255, 136, 0, 0.5);\r\n    border: 2px solid #EF8322;\r\n  }\r\n  .boton-eye:hover {\r\n    background: #FF910080;\r\n     transform: translateY(-2px);\r\n     box-shadow: 0 6px 12px rgba(0,0,0,0.2);\r\n  }\r\n\r\n  .boton-soft {\r\n    box-shadow: 0 5px 15px rgba(0, 200, 100, 0.5);\r\n    border: 2px solid #2aab6c;\r\n  }\r\n  .boton-soft:hover {\r\n    background: #00C86480;\r\n     transform: translateY(-2px);\r\n     box-shadow: 0 6px 12px rgba(0,0,0,0.2);\r\n  }\r\n\r\n  .boton-disp {\r\n    box-shadow: 0 5px 15px rgba(0, 180, 255, 0.5);\r\n    border: 2px solid #32bac9;\r\n\r\n  }\r\n  .boton-disp:hover {\r\n    background: #00B4FF80;\r\n     transform: translateY(-2px);\r\n     box-shadow: 0 6px 12px rgba(0,0,0,0.2);\r\n  }\r\n\r\n  \/* T\u00edtulos con Nunito 800 *\/\r\n  h3 {\r\n    font-family: 'Nunito', sans-serif !important;\r\n    font-weight: 800 !important;\r\n}\r\n\r\n.titulo-eye h3 {\r\n  margin-bottom: 0; \/* o 4px si quer\u00e9s un poco de espacio *\/\r\n}\r\n\r\n.titulo-eye h6 {\r\n  margin-top: 0;\r\n  line-height: 1.1;\r\n  font-family: 'Nunito' !important;\r\n}\r\n\r\n  \/* Fondos y sombras de contenedores de t\u00edtulo *\/\r\n  .titulo-eye {\r\n    margin-top: -100px;\r\n  }\r\n  \r\n  .titulo-soft {\r\n    margin-top: -100px;\r\n  }\r\n  \/*.titulo-disp {\r\n        margin-top: -100px;\r\n  }*\/\r\n\r\n.titulo-eye a.boton-eye,\r\n.titulo-soft a.boton-soft,\r\n.titulo-disp a.boton-disp {\r\n  margin-top: -25px; \/* antes ten\u00eda m\u00e1s espacio, ahora se acerca *\/\r\n}\r\n\r\n@media (max-width: 768px) {\r\n  .fila {\r\n    display: flex;\r\n    flex-direction: column;\r\n    align-items: center;\r\n    gap: 10px;\r\n    width: 100%;\r\n  }\r\n  .fila-soft{\r\n    flex-direction: column-reverse;\r\n    margin-top: 10px;\r\n  }\r\n  .contenedor-principal {\r\n    padding: 20px 20px !important; \/* Menos padding en mobile *\/\r\n    gap: 10px !important; \/* Menos separaci\u00f3n entre filas *\/\r\n  }\r\n\r\n  .fila,\r\n  .fila-soft {\r\n    gap: 10px !important;\r\n  }\r\n  \r\n  .img-wrapper {\r\n    width: 100%;\r\n    display: flex;\r\n    justify-content: center;\r\n  }\r\n\r\n  .img-wrapper img {\r\n    width: 100% !important;      \/* Imagen m\u00e1s grande *\/\r\n    max-width: none;\r\n    height: auto;\r\n    display: block;\r\n    margin: 0 auto;\r\n  }\r\n\r\n  .boton-wrapper {\r\n    width: 80%;\r\n    text-align: center;\r\n    padding: 12px;\r\n    border-radius: 20px;\r\n  }\r\n\r\n  .boton-wrapper h3 {\r\n    font-size: 1.5rem !important;\r\n    margin-bottom: 8px;\r\n    white-space: nowrap;\r\n  }\r\n\r\n  .boton-wrapper p {\r\n    font-size: 0.9rem;\r\n    margin: 0;\r\n  }\r\n\r\n  .boton-eye,\r\n  .boton-soft,\r\n  .boton-disp {\r\n    font-size: 0.9rem;\r\n    padding: 6px 12px;\r\n  }\r\n}\r\n\r\n\r\n\r\n  @media (min-width: 768px) and (max-width: 1024px){.fila {\r\n\r\n      flex-direction: column;\r\n\r\n    }\r\n\r\n    .fila-soft{\r\n\r\n    flex-direction: column-reverse;\r\n\r\n    margin-top: 10px;\r\n\r\n  }\r\n\r\n  .contenedor-principal {\r\n\r\n    padding: 20px 20px !important; \/* Menos padding en mobile *\/\r\n\r\n    gap: 20px !important; \/* Menos separaci\u00f3n entre filas *\/\r\n\r\n  }\r\n\r\n\r\n\r\n  .fila,\r\n\r\n  .fila-soft {\r\n\r\n    gap: 20px !important;\r\n\r\n  }\r\n  \r\n.img-dispositivo {\r\n        \/* CLAVE: Aplicamos un peque\u00f1o zoom del 15% sobre el tama\u00f1o original *\/\r\n        transform: scale(1.50); \r\n        \/* Asegura que el punto de zoom sea el centro *\/\r\n        transform-origin: center center;\r\n        \/* Hacemos la transici\u00f3n para un efecto visual suave (opcional) *\/\r\n        transition: transform 0.3s ease-in-out;\r\n        margin-top: 50px !important;\r\n    }\r\n}\r\n\r\n<\/style>\r\n\r\n<div class=\"contenedor-principal\">\r\n  <!-- Fila 1 -->\r\n  <div class=\"fila\">\r\n    <div class=\"seccion boton-wrapper\">\r\n      <div class=\"titulo-eye\">\r\n        <h3>EYE TRACKER<\/h3>\r\n        <h6>Seguidor Ocular<\/h6>\r\n        <a class=\"boton-eye\" href=\"https:\/\/neufitech.com.ar\/index.php\/seguimiento-ocular\/\">Descubr\u00ed como funciona<\/a>\r\n      <\/div>\r\n    <\/div>\r\n    <div class=\"seccion img-wrapper\">\r\n      <img decoding=\"async\" class=\"img-dispositivo\" src=\"https:\/\/neufitech.com.ar\/wp-content\/uploads\/2025\/11\/Eye-tracker-Photoroom-e1762212617676.png\" alt=\"Eye Tracker Imagen\">\r\n    <\/div>\r\n  <\/div>\r\n<\/br>\r\n  <!-- Fila 2 -->\r\n  <div class=\"fila-soft\">\r\n    <div class=\"seccion img-wrapper\">\r\n      <img decoding=\"async\" class=\"img-dispositivo\" src=\"https:\/\/neufitech.com.ar\/wp-content\/uploads\/2025\/11\/Programas-Photoroom-e1762212677944.png\" alt=\"Software Imagen\">\r\n    <\/div>\r\n    <div class=\"seccion boton-wrapper\">\r\n      <div class=\"titulo-soft\">\r\n        <h3>SOFTWARE<\/h3>\r\n        <a class=\"boton-soft\" href=\"https:\/\/neufitech.com.ar\/index.php\/software\/\">Descubrilos<\/a>\r\n      <\/div>\r\n    <\/div>\r\n  <\/div>\r\n\r\n  <!-- Fila 3 -->\r\n  <div class=\"fila\">\r\n    <div class=\"seccion boton-wrapper\">\r\n      <div class=\"titulo-disp\">\r\n        <h3>DISPOSITIVOS<\/h3>\r\n        <a class=\"boton-disp\" href=\"https:\/\/neufitech.com.ar\/index.php\/dispositivos\/\">Descubrilos<\/a>\r\n      <\/div>\r\n    <\/div>\r\n    <div class=\"seccion img-wrapper\">\r\n      <img decoding=\"async\" class=\"img-dispositivo\" src=\"https:\/\/neufitech.com.ar\/wp-content\/uploads\/2025\/11\/Dispositivos-Photoroom.png\" alt=\"Dispositivos Imagen\">\r\n    <\/div>\r\n  <\/div>\r\n<\/div>\r\n\t\t\t\t<\/div>\n\t\t\t\t<\/div>\n\t\t\t\t<div class=\"elementor-element elementor-element-3b3519e elementor-widget elementor-widget-html\" data-id=\"3b3519e\" data-element_type=\"widget\" data-e-type=\"widget\" data-widget_type=\"html.default\">\n\t\t\t\t<div class=\"elementor-widget-container\">\n\t\t\t\t\t<div class=\"testimonial-carousel-container\">\r\n    <div class=\"carousel-track\">\r\n        \r\n        <div class=\"testimonial-slide\">\r\n            <div class=\"testimonial-card\">\r\n                <div class=\"text-area\">\r\n                    <p class=\"quote\">\r\n                        <\/br>\u201cQuiero expresar mi profundo agradecimiento por la capacitaci\u00f3n recibida para el uso del sistema de comunicaci\u00f3n aumentativo y alternativo. Gracias a ellos, hoy Ciro cuenta con una herramienta que le permiti\u00f3 abrir su mundo, expresar lo que siente y necesita, y sentirse escuchado. Ver c\u00f3mo su voz encuentra caminos nuevos me llena de emoci\u00f3n y esperanza. Para m\u00ed, acompa\u00f1ar este proceso ha sido un regalo y una experiencia transformadora. Un agradecimiento muy especial a Selene, la psicopedagoga que me capacit\u00f3, por su dedicaci\u00f3n, paciencia y generosidad al compartir sus saberes. Su acompa\u00f1amiento fue clave para que este camino sea posible. Agradecer tambi\u00e9n a la familia por abrir el coraz\u00f3n y acompa\u00f1ar con tanto amor este camino, haciendo posible que Ciro encuentre su voz y sea plenamente escuchado.\u201d<\/p>\r\n                    <p class=\"author\">Acompa\u00f1ante terapeutica.<\/p>\r\n                <\/div>\r\n                <div class=\"image-area\">\r\n                    <img decoding=\"async\" src=\"https:\/\/neufitech.com.ar\/wp-content\/uploads\/2025\/10\/Ciro-Domingez-Experiencias-de-uso.png\" alt=\"Imagen del ni\u00f1o Ciro\" class=\"testimonial-img\">\r\n                <\/div>\r\n            <\/div>\r\n        <\/div>\r\n        \r\n        \r\n        <\/div>\r\n<\/div>\r\n\r\n<style>\r\n<style>\r\n\/* ------------------------------------------------------------------------- *\/\r\n\/* 1. LAYOUT PRINCIPAL DE LA TARJETA (Centrado y Contenido) *\/\r\n\/* ------------------------------------------------------------------------- *\/\r\n\r\n.static-testimonial-wrapper {\r\n    max-width: 1000px; \/* Ancho m\u00e1ximo para la tarjeta *\/\r\n    margin: 30px auto; \/* Centrar la tarjeta en la p\u00e1gina *\/\r\n    padding: 20px;\r\n}\r\n\r\n.testimonial-card {\r\n    display: flex;\r\n    background-color: #fff;\r\n    border: 4px solid #eee;\r\n    border-radius: 20px;\r\n    box-shadow: 0 5px 15px rgba(0, 0, 0, 0.1);\r\n    min-height: 250px; \r\n    align-items: flex-start; \/* Alinea contenido al inicio *\/\r\n}\r\n\r\n.text-area {\r\n    flex: 2; \/* Ocupa 2\/3 del ancho *\/\r\n    padding: 25px;\r\n}\r\n\r\n.image-area {\r\n    flex: 1; \/* Ocupa 1\/3 del ancho *\/\r\n    padding: 25px;\r\n    display: flex;\r\n    justify-content: center;\r\n    align-items: center;\r\n}\r\n\r\n.testimonial-img {\r\n    width: 100%;\r\n    max-width: 150px; \/* Tama\u00f1o m\u00e1ximo para la imagen *\/\r\n    height: auto;\r\n    object-fit: cover;\r\n    border-radius: 20px !important;\r\n}\r\n\r\n\/* ------------------------------------------------------------------------- *\/\r\n\/* 2. TIPOGRAF\u00cdA Y TEXTO *\/\r\n\/* ------------------------------------------------------------------------- *\/\r\n.quote {\r\n    font-size: 0.9rem !important;\r\n    \r\n    margin-bottom: 15px !important;\r\n        text-align: justify !important; \r\n\r\n}\r\n\r\n.author {\r\n    font-weight: 800 !important;\r\n    color: #32bac9 !important; \r\n    font-style: italic;\r\n    font-family: 'Nunito' !important;\r\n    margin-top: 0;\r\n}\r\n\r\n\/* ------------------------------------------------------------------------- *\/\r\n\/* 3. RESPONSIVE: Apilar en M\u00f3viles *\/\r\n\/* ------------------------------------------------------------------------- *\/\r\n@media (min-width: 769px) and (max-width: 1024px) {\r\n    .testimonial-card {\r\n        flex-direction: column; \/* Apila texto e imagen (vertical) *\/\r\n        min-height: auto;\r\n    }\r\n    \r\n    .text-area {\r\n        \/* Eliminamos el borde de la derecha y lo ponemos abajo *\/\r\n        border-right: none !important; \r\n        border-bottom: 1px solid #f0f0f0;\r\n        padding-bottom: 15px;\r\n    }\r\n    \r\n    .image-area {\r\n        order: -1; \/* Mueve la imagen arriba del texto *\/\r\n        padding-top: 15px;\r\n        padding-bottom: 5px;\r\n    }\r\n    \r\n    .testimonial-img {\r\n        \/* Se mantiene el tama\u00f1o adecuado para m\u00f3vil\/tablet *\/\r\n        max-width: 100px; \r\n    }\r\n    \r\n    \/* Opcional: Centrar el texto en el \u00e1rea del texto si es necesario *\/\r\n    .quote {\r\n        text-align: center !important;\r\n    }\r\n}\r\n\r\n@media (max-width: 768px) {\r\n    .testimonial-card {\r\n        flex-direction: column; \/* Apila texto e imagen *\/\r\n        min-height: auto;\r\n    }\r\n    \r\n    .text-area {\r\n        border-right: none;\r\n        border-bottom: 1px solid #f0f0f0;\r\n        padding-bottom: 15px;\r\n    }\r\n    \r\n    .image-area {\r\n        order: -1; \/* Mueve la imagen arriba del texto en m\u00f3vil *\/\r\n        padding-top: 15px;\r\n        padding-bottom: 5px;\r\n    }\r\n    .testimonial-img {\r\n        max-width: 100px;\r\n    }\r\n}\r\n<\/style>\r\n<\/style>\t\t\t\t<\/div>\n\t\t\t\t<\/div>\n\t\t\t\t<div class=\"elementor-element elementor-element-10915ab elementor-widget elementor-widget-spacer\" data-id=\"10915ab\" data-element_type=\"widget\" data-e-type=\"widget\" data-widget_type=\"spacer.default\">\n\t\t\t\t<div class=\"elementor-widget-container\">\n\t\t\t\t\t\t\t<div class=\"elementor-spacer\">\n\t\t\t<div class=\"elementor-spacer-inner\"><\/div>\n\t\t<\/div>\n\t\t\t\t\t\t<\/div>\n\t\t\t\t<\/div>\n\t\t\t\t<div class=\"elementor-element elementor-element-c6b1f00 elementor-widget elementor-widget-html\" data-id=\"c6b1f00\" data-element_type=\"widget\" data-e-type=\"widget\" data-widget_type=\"html.default\">\n\t\t\t\t<div class=\"elementor-widget-container\">\n\t\t\t\t\t<a href=\"https:\/\/neufitech.com.ar\/wp-content\/uploads\/2026\/04\/Catalogo-Neufitech-Abril-2026.pdf\" download style=\"\r\n    font-family: 'Nunito', sans-serif;\r\n    font-weight: 700;\r\n    color: #32bac9;\r\n    text-align: center;\r\n    display: block;\r\n    text-decoration: none;\r\n    font-size: 25px;\r\n\">\r\n    Descargue nuestro cat\u00e1logo\r\n<\/a>\r\n\t\t\t\t<\/div>\n\t\t\t\t<\/div>\n\t\t\t\t\t<\/div>\n\t\t<\/div>\n\t\t\t\t\t<\/div>\n\t\t<\/section>\n\t\t\t\t<section class=\"elementor-section elementor-top-section elementor-element elementor-element-c88ddf9 elementor-section-stretched elementor-section-boxed elementor-section-height-default elementor-section-height-default\" data-id=\"c88ddf9\" data-element_type=\"section\" data-e-type=\"section\" data-settings=\"{&quot;stretch_section&quot;:&quot;section-stretched&quot;}\">\n\t\t\t\t\t\t<div class=\"elementor-container elementor-column-gap-default\">\n\t\t\t\t\t<div class=\"elementor-column elementor-col-100 elementor-top-column elementor-element elementor-element-59522f9\" data-id=\"59522f9\" data-element_type=\"column\" data-e-type=\"column\">\n\t\t\t<div class=\"elementor-widget-wrap elementor-element-populated\">\n\t\t\t\t\t\t<div class=\"elementor-element elementor-element-146945d elementor-widget elementor-widget-html\" data-id=\"146945d\" data-element_type=\"widget\" data-e-type=\"widget\" data-widget_type=\"html.default\">\n\t\t\t\t<div class=\"elementor-widget-container\">\n\t\t\t\t\t<section class=\"hero\">\r\n  <div class=\"hero-container\">\r\n    <h2>\u00bfConoces a alguien que tenga dificultades para comunicarse?<\/h2>\r\n    <h1>\u00a1Nuestra tecnolog\u00eda de seguimiento ocular podr\u00eda ser la soluci\u00f3n que est\u00e1n buscando!<\/h1>\r\n  <\/div>\r\n<\/section>\r\n<style>\r\n    \/* Contenedor principal *\/\r\n.hero {\r\n  display: flex;\r\n  justify-content: center; \/* Centra verticalmente *\/\r\n  align-items: center;     \/* Centra horizontalmente *\/\r\n  padding: 20px;\r\n  box-sizing: border-box;\r\n  text-align: center;      \/* Centra el texto dentro del contenedor *\/\r\n}\r\n\r\n\/* Ajuste de t\u00edtulos *\/\r\n.hero h1 {\r\n  font-family: 'Nunito', sans-serif !important;\r\n  font-weight: 500 !important;\r\n  font-size: 1.5rem !important;   \/* Desktop *\/\r\n}\r\n\r\n\/* Ajuste de t\u00edtulos *\/\r\n.hero h2 {\r\n  font-family: 'Nunito', sans-serif !important;\r\n  font-weight: 500 !important;\r\n  font-size: 2rem !important;   \/* Desktop *\/\r\n text-shadow: 2px 2px 5px rgba(0, 0, 0, 0.3); \r\n}\r\n\r\n\/* Responsivo - tablet *\/\r\n@media (max-width: 1024px) {\r\n  .hero h1 {\r\n    font-size: 1.5rem !important;\r\n  }\r\n  .hero h2 {\r\n    font-size: 2rem !important;\r\n  }\r\n}\r\n\r\n\/* Responsivo - m\u00f3vil *\/\r\n@media (max-width: 768px) {\r\n  .hero h1 {\r\n    font-size: 1.5rem !important;\r\n  }\r\n  .hero h2 {\r\n    font-size: 1.8rem !important;\r\n  }\r\n}\r\n\r\n<\/style>\t\t\t\t<\/div>\n\t\t\t\t<\/div>\n\t\t\t\t<div class=\"elementor-element elementor-element-39fc806 elementor-widget elementor-widget-spacer\" data-id=\"39fc806\" data-element_type=\"widget\" data-e-type=\"widget\" data-widget_type=\"spacer.default\">\n\t\t\t\t<div class=\"elementor-widget-container\">\n\t\t\t\t\t\t\t<div class=\"elementor-spacer\">\n\t\t\t<div class=\"elementor-spacer-inner\"><\/div>\n\t\t<\/div>\n\t\t\t\t\t\t<\/div>\n\t\t\t\t<\/div>\n\t\t\t\t\t<\/div>\n\t\t<\/div>\n\t\t\t\t\t<\/div>\n\t\t<\/section>\n\t\t\t\t<\/div>\n\t\t","protected":false},"excerpt":{"rendered":"<p>Haciendo que los cambios ocurran Trabajamos cada d\u00eda para construir un mundo m\u00e1s accesible, donde la inclusi\u00f3n sea una experiencia real y no una promesa. Contacto Programas EYE TRACKER Seguidor Ocular Descubr\u00ed como funciona SOFTWARE Descubrilos DISPOSITIVOS Descubrilos \u201cQuiero expresar mi profundo agradecimiento por la capacitaci\u00f3n recibida para el uso del sistema de comunicaci\u00f3n aumentativo [&hellip;]<\/p>\n","protected":false},"author":1,"featured_media":0,"parent":0,"menu_order":0,"comment_status":"closed","ping_status":"closed","template":"","meta":{"footnotes":""},"class_list":["post-212","page","type-page","status-publish","hentry"],"_hostinger_reach_plugin_has_subscription_block":false,"_hostinger_reach_plugin_is_elementor":false,"_links":{"self":[{"href":"https:\/\/neufitech.com.ar\/index.php\/wp-json\/wp\/v2\/pages\/212","targetHints":{"allow":["GET"]}}],"collection":[{"href":"https:\/\/neufitech.com.ar\/index.php\/wp-json\/wp\/v2\/pages"}],"about":[{"href":"https:\/\/neufitech.com.ar\/index.php\/wp-json\/wp\/v2\/types\/page"}],"author":[{"embeddable":true,"href":"https:\/\/neufitech.com.ar\/index.php\/wp-json\/wp\/v2\/users\/1"}],"replies":[{"embeddable":true,"href":"https:\/\/neufitech.com.ar\/index.php\/wp-json\/wp\/v2\/comments?post=212"}],"version-history":[{"count":682,"href":"https:\/\/neufitech.com.ar\/index.php\/wp-json\/wp\/v2\/pages\/212\/revisions"}],"predecessor-version":[{"id":5931,"href":"https:\/\/neufitech.com.ar\/index.php\/wp-json\/wp\/v2\/pages\/212\/revisions\/5931"}],"wp:attachment":[{"href":"https:\/\/neufitech.com.ar\/index.php\/wp-json\/wp\/v2\/media?parent=212"}],"curies":[{"name":"wp","href":"https:\/\/api.w.org\/{rel}","templated":true}]}}