{"id":3521,"date":"2025-07-22T11:05:58","date_gmt":"2025-07-22T14:05:58","guid":{"rendered":"https:\/\/neufitech.com.ar\/?page_id=3521"},"modified":"2025-11-05T16:46:14","modified_gmt":"2025-11-05T19:46:14","slug":"dispositivos","status":"publish","type":"page","link":"https:\/\/neufitech.com.ar\/index.php\/dispositivos\/","title":{"rendered":"Dispositivos"},"content":{"rendered":"\t\t<div data-elementor-type=\"wp-page\" data-elementor-id=\"3521\" class=\"elementor elementor-3521\">\n\t\t\t\t\t\t<section class=\"elementor-section elementor-top-section elementor-element elementor-element-ebca2a2 elementor-section-boxed elementor-section-height-default elementor-section-height-default\" data-id=\"ebca2a2\" data-element_type=\"section\" data-e-type=\"section\">\n\t\t\t\t\t\t<div class=\"elementor-container elementor-column-gap-default\">\n\t\t\t\t\t<div class=\"elementor-column elementor-col-100 elementor-top-column elementor-element elementor-element-414eace\" data-id=\"414eace\" data-element_type=\"column\" data-e-type=\"column\">\n\t\t\t<div class=\"elementor-widget-wrap elementor-element-populated\">\n\t\t\t\t\t\t<div class=\"elementor-element elementor-element-5a8c7be elementor-widget elementor-widget-heading\" data-id=\"5a8c7be\" data-element_type=\"widget\" data-e-type=\"widget\" data-widget_type=\"heading.default\">\n\t\t\t\t<div class=\"elementor-widget-container\">\n\t\t\t\t\t<h2 class=\"elementor-heading-title elementor-size-default\">Dispositivos<\/h2>\t\t\t\t<\/div>\n\t\t\t\t<\/div>\n\t\t\t\t<div class=\"elementor-element elementor-element-3b8b578 elementor-widget elementor-widget-html\" data-id=\"3b8b578\" data-element_type=\"widget\" data-e-type=\"widget\" data-widget_type=\"html.default\">\n\t\t\t\t<div class=\"elementor-widget-container\">\n\t\t\t\t\t<style>\r\n\/* Contenedor principal del texto *\/\r\n.intro-dispositivos {\r\n    \/* Usamos el mismo ancho m\u00e1ximo que los perfiles\/dispositivos para centrarlo *\/\r\n    max-width: 1200px; \r\n    margin: 3px auto; \r\n    padding: 0 1px;\r\n}\r\n\r\n\/* Estilo del p\u00e1rrafo principal *\/\r\n.intro-dispositivos p {\r\n    font-family: \"Nunito\", sans-serif !important;\r\n    font-size: 19px !important; \/* Tama\u00f1o de fuente legible *\/\r\n    line-height: 1.6 !important;\r\n    text-align: justify; \/* Justificado como lo solicitaste *\/\r\n    color: #444; \/* Color base para la segunda oraci\u00f3n *\/\r\n    margin: 0;\r\n}\r\n\r\n\/* Estilo para la primera oraci\u00f3n (negrita y color de \u00e9nfasis) *\/\r\n.intro-dispositivos .resaltado {\r\n    font-weight: 700; \/* Negrita *\/\r\n    color: #333333 !important; \/* Tono de color llamativo (similar al usado en los perfiles) *\/\r\n    display: block; \/* Asegura que ocupe su propia l\u00ednea para un mejor control *\/\r\n    margin-bottom: 5px; \/* Peque\u00f1o espacio debajo de la l\u00ednea resaltada *\/\r\n}\r\n\r\n\/* Estilo para la segunda oraci\u00f3n (tono m\u00e1s claro de gris) *\/\r\n.intro-dispositivos .complementario {\r\n    font-weight: 400; \/* Peso normal *\/\r\n    color: #888; \/* Gris m\u00e1s claro *\/\r\n    display: block; \/* Asegura que ocupe su propia l\u00ednea *\/\r\n}\r\n<\/style>\r\n\r\n<div class=\"intro-dispositivos\">\r\n    <p>\r\n        <span class=\"resaltado\">Desarrollamos dispositivos para todas las necesidades. Los pensamos y dise\u00f1amos para que puedan ser utilizados de diversas maneras, con trackeo ocular, mouse, de forma t\u00e1ctil, pulsadores, etc.<\/span>\r\n        <span class=\"complementario\">Nuestros equipos, con y sin trackeo ocular, pueden operar tanto en Android como en Windows.<\/span>\r\n    <\/p>\r\n<\/div>\t\t\t\t<\/div>\n\t\t\t\t<\/div>\n\t\t\t\t\t<\/div>\n\t\t<\/div>\n\t\t\t\t\t<\/div>\n\t\t<\/section>\n\t\t\t\t<section class=\"elementor-section elementor-top-section elementor-element elementor-element-014b05c elementor-section-boxed elementor-section-height-default elementor-section-height-default\" data-id=\"014b05c\" data-element_type=\"section\" data-e-type=\"section\">\n\t\t\t\t\t\t<div class=\"elementor-container elementor-column-gap-default\">\n\t\t\t\t\t<div class=\"elementor-column elementor-col-100 elementor-top-column elementor-element elementor-element-51b093d\" data-id=\"51b093d\" data-element_type=\"column\" data-e-type=\"column\">\n\t\t\t<div class=\"elementor-widget-wrap elementor-element-populated\">\n\t\t\t\t\t\t<div class=\"elementor-element elementor-element-49dcdec elementor-widget elementor-widget-spacer\" data-id=\"49dcdec\" data-element_type=\"widget\" data-e-type=\"widget\" data-widget_type=\"spacer.default\">\n\t\t\t\t<div class=\"elementor-widget-container\">\n\t\t\t\t\t\t\t<div class=\"elementor-spacer\">\n\t\t\t<div class=\"elementor-spacer-inner\"><\/div>\n\t\t<\/div>\n\t\t\t\t\t\t<\/div>\n\t\t\t\t<\/div>\n\t\t\t\t\t<\/div>\n\t\t<\/div>\n\t\t\t\t\t<\/div>\n\t\t<\/section>\n\t\t\t\t<section class=\"elementor-section elementor-top-section elementor-element elementor-element-2eeb46a elementor-section-boxed elementor-section-height-default elementor-section-height-default\" data-id=\"2eeb46a\" data-element_type=\"section\" data-e-type=\"section\">\n\t\t\t\t\t\t<div class=\"elementor-container elementor-column-gap-default\">\n\t\t\t\t\t<div class=\"elementor-column elementor-col-100 elementor-top-column elementor-element elementor-element-49cd8c0\" data-id=\"49cd8c0\" data-element_type=\"column\" data-e-type=\"column\">\n\t\t\t<div class=\"elementor-widget-wrap elementor-element-populated\">\n\t\t\t\t\t\t<div class=\"elementor-element elementor-element-4a7fd9d elementor-widget elementor-widget-html\" data-id=\"4a7fd9d\" data-element_type=\"widget\" data-e-type=\"widget\" data-widget_type=\"html.default\">\n\t\t\t\t<div class=\"elementor-widget-container\">\n\t\t\t\t\t<style>\r\n\/* -------------------------------------- *\/\r\n\/* 1. ESTILOS BASE Y GRID *\/\r\n\/* -------------------------------------- *\/\r\n.dispositivos {\r\n  max-width: 1200px;\r\n  margin: 0 auto;\r\n  text-align: center;\r\n  font-size: 10px;\r\n}\r\n\r\n.dispositivos h2 {\r\n  font-size: 2rem !important;\r\n  margin-bottom: 20px;\r\n  font-family: 'Nunito' !important;\r\n  font-weight: 800 !important;\r\n}\r\n\r\n.dispositivos h3 {\r\n  font-size: 1.5rem !important;\r\n  margin: 10px 0;\r\n  font-family: 'Nunito' !important;\r\n}\r\n\r\n.dispositivos p {\r\n  font-size: 1rem !important;\r\n  margin: 10px 0;\r\n  font-family: 'Nunito' !important;\r\n  text-align: justify !important;\r\n  width: 75% !important;\r\n  color: #858585 !important\r\n}\r\n\r\n.dispositivos .grid {\r\n  display: flex;\r\n  flex-wrap: wrap;\r\n  gap: 20px;\r\n  justify-content: center;\r\n}\r\n\r\n.dispositivos .item {\r\n  flex: 1 1 250px; \/* Cada item m\u00ednimo 250px, crece seg\u00fan ancho disponible *\/\r\n  max-width: 600px; \/* opcional *\/\r\n  display: flex;\r\n  flex-direction: column;\r\n  align-items: center;\r\n}\r\n\r\n.dispositivos img {\r\n  width: 100%;\r\n  height: auto;\r\n  display: block;\r\n}\r\n\r\n\r\n.eyetracker img {\r\n  width: 30%; \/* Ajusta el tama\u00f1o aqu\u00ed *\/\r\n  max-width: 400px; \/* opcional *\/\r\n  height: auto;\r\n  display: block;\r\n}\r\n\r\n\/* -------------------------------------- *\/\r\n\/* 2. ESTILOS DEL ACORDE\u00d3N DE ESPECIFICACIONES *\/\r\n\/* -------------------------------------- *\/\r\n.dispositivos .spec-details {\r\n    width: 75%; \/* Debe coincidir con el ancho del p\u00e1rrafo P *\/\r\n    margin-top: 5px;\r\n    text-align: left; \/* Alinea el bot\u00f3n a la izquierda debajo del texto *\/\r\n}\r\n\r\n\/* Estilo del bot\u00f3n (+ M\u00e1s Info) *\/\r\n.dispositivos .spec-summary {\r\n    list-style: none;\r\n    cursor: pointer;\r\n    font-size: 14px !important;\r\n    font-weight: 700;\r\n    color: #32bac9; \/* Color de Neufitech *\/\r\n    padding: 5px 0;\r\n    display: block; \/* Ocupa todo el ancho del contenedor para centrar mejor el texto *\/\r\n    text-align: left; \/* Mueve el texto del bot\u00f3n a la izquierda *\/\r\n}\r\n\r\n\/* Indicador de apertura\/cierre *\/\r\n.dispositivos .spec-summary::before {\r\n    content: '+ M\u00e1s Info';\r\n    color: #EF8322;\r\n}\r\n\r\n.dispositivos .spec-details[open] .spec-summary::before {\r\n    content: '- Menos Info';\r\n}\r\n\r\n\/* Contenido de las especificaciones *\/\r\n.dispositivos .spec-content {\r\n    margin-top: 10px;\r\n    padding: 10px 0;\r\n    font-size: 0.9rem !important;\r\n    line-height: 1.6;\r\n    color: #555;\r\n    \/* Ajustamos el estilo de las especificaciones *\/\r\n    text-align: left; \r\n}\r\n\r\n\/* Estilo para los t\u00edtulos de las especificaciones (e.g., \"Surface Pro 11 + PC\") *\/\r\n.dispositivos .spec-content b {\r\n    color: #333;\r\n    display: block; \/* Para asegurar que el t\u00edtulo est\u00e9 en su propia l\u00ednea *\/\r\n    margin-bottom: 5px;\r\n}\r\n\r\n\/* -------------------------------------- *\/\r\n\/* 3. RESPONSIVE *\/\r\n\/* -------------------------------------- *\/\r\n@media (max-width: 768px) {\r\n  .dispositivos .item {\r\n    flex: 1 1 100%;\r\n  }\r\n  .dispositivos p, .dispositivos .spec-details {\r\n    width: 90% !important; \/* Aumenta el ancho en m\u00f3viles *\/\r\n  }\r\n  .eyetracker img {\r\n    width: 90%;\r\n    max-width: none;\r\n  }\r\n}\r\n@media (min-width: 768px) and (max-width: 1024px) {\r\n  .eyetracker img {\r\n    width: 70%;\r\n    max-width: 600px;\r\n  }\r\n}\r\n<\/style>\r\n\r\n\r\n<section class=\"dispositivos\">\r\n\r\n  <div class=\"grid\">\r\n    <div class=\"item\">\r\n      <h3>TabOne<\/h3>\r\n      <img decoding=\"async\" src=\"https:\/\/neufitech.com.ar\/wp-content\/uploads\/2025\/11\/TabOne-Photoroom-e1762259405446.png\" alt=\"TabOne\">\r\n      <p>\r\n        Dise\u00f1o compacto que integra el eye tracker y una computadora de alto rendimiento en una misma unidad. Ideal para tareas exigentes, combina eficiencia, portabilidad y un funcionamiento fluido en todo momento.\r\n      <\/p>\r\n      \r\n      <details class=\"spec-details\">\r\n        <summary class=\"spec-summary\"><\/summary>\r\n        <div class=\"spec-content\">\r\n          Especificaciones: <br>\r\n          <b>Surface Pro 11 + PC+ Copilot<\/b> <br>\r\n          RAM: 16 GB<br>\r\n          Capacidad: 512 GB<br>\r\n          Tama\u00f1o: 13\"<br>\r\n          S.O: Windows 11<br>\r\n          Procesador: Snapdragon\r\n        <\/div>\r\n      <\/details>\r\n      <\/div>\r\n\r\n    <div class=\"item\">\r\n      <h3>EyeTab<sup>c<\/sup><\/h3>\r\n      <img decoding=\"async\" src=\"https:\/\/neufitech.com.ar\/wp-content\/uploads\/2025\/11\/Eyetab-C-Photoroom-e1762304120544.png\" alt=\"EyeTabc\">\r\n      <p><\/br>\r\n        Dise\u00f1o compacto y accesible con eye tracker integrado en la misma unidad. Pensado para tareas simples, combina portabilidad y practicidad. Incluye parlante incorporado para mayor volumen y espacio para conectar una bater\u00eda externa, ofreciendo una soluci\u00f3n ligera y funcional para el uso diario.\r\n      <\/p>\r\n      \r\n      <details class=\"spec-details\">\r\n        <summary class=\"spec-summary\"><\/summary>\r\n        <div class=\"spec-content\">\r\n          Especificaciones: <br>\r\n          <b>Chuwi H10 Max<\/b> <br>\r\n          RAM: 12 GB<br>\r\n          Capacidad: 512 GB<br>\r\n          Tama\u00f1o: 13\"<br>\r\n          S.O: Windows 11<br>\r\n          Procesador: Intel N150\r\n        <\/div>\r\n      <\/details>\r\n      <\/div>\r\n\r\n    <div class=\"item\">\r\n      <h3>EyeTab<sup>e<\/sup><\/h3>\r\n      <img decoding=\"async\" src=\"https:\/\/neufitech.com.ar\/wp-content\/uploads\/2025\/11\/SAI-Chuwi-Photoroom-e1762259502339.png\" alt=\"EyeTabe\">\r\n\r\n      <p>\r\n        Una opci\u00f3n vers\u00e1til y accesible que se adapta a distintas necesidades. Puede utilizarse de forma t\u00e1ctil o con el eye tracker como accesorio independiente. El eye tracker puede desconectarse y colocarse en un monitor externo, ofreciendo mayor flexibilidad y m\u00faltiples posibilidades de uso.\r\n      <\/p>\r\n\r\n      <details class=\"spec-details\">\r\n        <summary class=\"spec-summary\"><\/summary>\r\n        <div class=\"spec-content\">\r\n          Especificaciones:<br>\r\n          <b>Chuwi H10 Max<\/b> <br>\r\n          RAM: 12 GB<br>\r\n          Capacidad: 512 GB<br>\r\n          Tama\u00f1o: 13\"<br>\r\n          S.O: Windows 11 <br>\r\n          Procesador: Intel N150\r\n        <\/div>\r\n      <\/details>\r\n      <\/div>\r\n  <\/div>\r\n\r\n  <br><br><br>\r\n\r\n  <div class=\"grid\">\r\n    <div class=\"item\">\r\n      <h3>Bajo Android<\/h3>\r\n      <img decoding=\"async\" src=\"https:\/\/neufitech.com.ar\/wp-content\/uploads\/2025\/11\/Tablet-Android-Photoroom-e1762212548677.png\" alt=\"Bajo Android\">\r\n      \r\n      <p>\r\n        Dispositivo altamente port\u00e1til, con excelente duraci\u00f3n de bater\u00eda y gran rendimiento. Ideal para el uso diario y especialmente recomendado para ni\u00f1os gracias a sus fundas antigolpes. Ofrece un sonido potente y claro, perfecto para entornos ruidosos.\r\n      <\/p>\r\n      \r\n      <\/div>\r\n    \r\n    <div class=\"item\">\r\n      <h3>Bajo Windows<\/h3>\r\n      <img decoding=\"async\" src=\"https:\/\/neufitech.com.ar\/wp-content\/uploads\/2025\/11\/Surface-windows-sin-eye-tracker-Photoroom-1-e1762207188233.png\" alt=\"Bajo Windows\">\r\n      \r\n      <p>\r\n        Dispositivo compacto y port\u00e1til con excelente duraci\u00f3n de bater\u00eda y alto rendimiento. Ideal para tareas exigentes, ofrece un funcionamiento \u00e1gil y eficiente en todo momento. Su sonido potente y claro lo hace perfecto incluso para entornos ruidosos.\r\n      <\/p>\r\n      \r\n      <details class=\"spec-details\">\r\n        <summary class=\"spec-summary\"><\/summary>\r\n        <div class=\"spec-content\">\r\n          Especificaciones:<br>\r\n          <b>Surface Pro 11 \/ Chuwi H10 Max <\/b>\r\n          RAM: 12GB \/ 19 GB<br>\r\n          Capacidad: 512 GB<br>\r\n          Tama\u00f1o: 13\"<br>\r\n          S.O: Windows 11<br>\r\n          Procesador: Snapdragon \/ Intel N150Core i5\r\n        <\/div>\r\n      <\/details>\r\n      <\/div>\r\n  <\/div>\r\n<\/section>\t\t\t\t<\/div>\n\t\t\t\t<\/div>\n\t\t\t\t\t<\/div>\n\t\t<\/div>\n\t\t\t\t\t<\/div>\n\t\t<\/section>\n\t\t\t\t<section class=\"elementor-section elementor-top-section elementor-element elementor-element-1be3593 elementor-section-stretched elementor-section-boxed elementor-section-height-default elementor-section-height-default\" data-id=\"1be3593\" data-element_type=\"section\" data-e-type=\"section\" data-settings=\"{&quot;stretch_section&quot;:&quot;section-stretched&quot;}\">\n\t\t\t\t\t\t\t<div class=\"elementor-background-overlay\"><\/div>\n\t\t\t\t\t\t\t<div class=\"elementor-container elementor-column-gap-default\">\n\t\t\t\t\t<div class=\"elementor-column elementor-col-100 elementor-top-column elementor-element elementor-element-98279b2\" data-id=\"98279b2\" data-element_type=\"column\" data-e-type=\"column\">\n\t\t\t<div class=\"elementor-widget-wrap elementor-element-populated\">\n\t\t\t\t\t\t<div class=\"elementor-element elementor-element-2448df4 elementor-widget__width-initial elementor-widget elementor-widget-heading\" data-id=\"2448df4\" data-element_type=\"widget\" data-e-type=\"widget\" data-widget_type=\"heading.default\">\n\t\t\t\t<div class=\"elementor-widget-container\">\n\t\t\t\t\t<h1 class=\"elementor-heading-title elementor-size-default\"><b>M\u00e9todos de Acceso<\/b><\/h1>\t\t\t\t<\/div>\n\t\t\t\t<\/div>\n\t\t\t\t<section class=\"elementor-section elementor-inner-section elementor-element elementor-element-a942322 elementor-section-boxed elementor-section-height-default elementor-section-height-default\" data-id=\"a942322\" data-element_type=\"section\" data-e-type=\"section\">\n\t\t\t\t\t\t<div class=\"elementor-container elementor-column-gap-default\">\n\t\t\t\t\t<div class=\"elementor-column elementor-col-33 elementor-inner-column elementor-element elementor-element-77176bf\" data-id=\"77176bf\" data-element_type=\"column\" data-e-type=\"column\">\n\t\t\t<div class=\"elementor-widget-wrap elementor-element-populated\">\n\t\t\t\t\t\t<div class=\"elementor-element elementor-element-fc9374b elementor-widget elementor-widget-image\" data-id=\"fc9374b\" data-element_type=\"widget\" data-e-type=\"widget\" data-widget_type=\"image.default\">\n\t\t\t\t<div class=\"elementor-widget-container\">\n\t\t\t\t\t\t\t\t\t\t\t\t\t\t\t<img decoding=\"async\" src=\"https:\/\/neufitech.com.ar\/wp-content\/uploads\/elementor\/thumbs\/raton-de-computadora-re8icxibbfyxej1396pbh6zodv03020vhsdu967o70.png\" title=\"raton-de-computadora\" alt=\"raton-de-computadora\" loading=\"lazy\" \/>\t\t\t\t\t\t\t\t\t\t\t\t\t\t\t<\/div>\n\t\t\t\t<\/div>\n\t\t\t\t<div class=\"elementor-element elementor-element-c2e6774 elementor-widget elementor-widget-heading\" data-id=\"c2e6774\" data-element_type=\"widget\" data-e-type=\"widget\" data-widget_type=\"heading.default\">\n\t\t\t\t<div class=\"elementor-widget-container\">\n\t\t\t\t\t<h5 class=\"elementor-heading-title elementor-size-default\"><b>Mouse<\/b><\/h5>\t\t\t\t<\/div>\n\t\t\t\t<\/div>\n\t\t\t\t\t<\/div>\n\t\t<\/div>\n\t\t\t\t<div class=\"elementor-column elementor-col-33 elementor-inner-column elementor-element elementor-element-bfe644d\" data-id=\"bfe644d\" data-element_type=\"column\" data-e-type=\"column\">\n\t\t\t<div class=\"elementor-widget-wrap elementor-element-populated\">\n\t\t\t\t\t\t<div class=\"elementor-element elementor-element-9808bfc elementor-widget elementor-widget-image\" data-id=\"9808bfc\" data-element_type=\"widget\" data-e-type=\"widget\" data-widget_type=\"image.default\">\n\t\t\t\t<div class=\"elementor-widget-container\">\n\t\t\t\t\t\t\t\t\t\t\t\t\t\t\t<img decoding=\"async\" width=\"300\" height=\"50\" src=\"https:\/\/neufitech.com.ar\/wp-content\/uploads\/2025\/07\/Instagram-Neufitech-Photoroom-1-300x50.png\" class=\"attachment-medium size-medium wp-image-3427\" alt=\"\" srcset=\"https:\/\/neufitech.com.ar\/wp-content\/uploads\/2025\/07\/Instagram-Neufitech-Photoroom-1-300x50.png 300w, https:\/\/neufitech.com.ar\/wp-content\/uploads\/2025\/07\/Instagram-Neufitech-Photoroom-1-1024x172.png 1024w, https:\/\/neufitech.com.ar\/wp-content\/uploads\/2025\/07\/Instagram-Neufitech-Photoroom-1-768x129.png 768w, https:\/\/neufitech.com.ar\/wp-content\/uploads\/2025\/07\/Instagram-Neufitech-Photoroom-1.png 1080w\" sizes=\"(max-width: 300px) 100vw, 300px\" \/>\t\t\t\t\t\t\t\t\t\t\t\t\t\t\t<\/div>\n\t\t\t\t<\/div>\n\t\t\t\t<div class=\"elementor-element elementor-element-4a762ed elementor-widget elementor-widget-heading\" data-id=\"4a762ed\" data-element_type=\"widget\" data-e-type=\"widget\" data-widget_type=\"heading.default\">\n\t\t\t\t<div class=\"elementor-widget-container\">\n\t\t\t\t\t<h5 class=\"elementor-heading-title elementor-size-default\"><b>Eye Tracker<\/b><\/h5>\t\t\t\t<\/div>\n\t\t\t\t<\/div>\n\t\t\t\t\t<\/div>\n\t\t<\/div>\n\t\t\t\t<div class=\"elementor-column elementor-col-33 elementor-inner-column elementor-element elementor-element-cba5863\" data-id=\"cba5863\" data-element_type=\"column\" data-e-type=\"column\">\n\t\t\t<div class=\"elementor-widget-wrap elementor-element-populated\">\n\t\t\t\t\t\t<div class=\"elementor-element elementor-element-87fe6c0 elementor-view-default elementor-widget elementor-widget-icon\" data-id=\"87fe6c0\" data-element_type=\"widget\" data-e-type=\"widget\" data-widget_type=\"icon.default\">\n\t\t\t\t<div class=\"elementor-widget-container\">\n\t\t\t\t\t\t\t<div class=\"elementor-icon-wrapper\">\n\t\t\t<div class=\"elementor-icon\">\n\t\t\t<i aria-hidden=\"true\" class=\"far fa-hand-point-up\"><\/i>\t\t\t<\/div>\n\t\t<\/div>\n\t\t\t\t\t\t<\/div>\n\t\t\t\t<\/div>\n\t\t\t\t<div class=\"elementor-element elementor-element-f3b1f77 elementor-widget elementor-widget-heading\" data-id=\"f3b1f77\" data-element_type=\"widget\" data-e-type=\"widget\" data-widget_type=\"heading.default\">\n\t\t\t\t<div class=\"elementor-widget-container\">\n\t\t\t\t\t<h5 class=\"elementor-heading-title elementor-size-default\"><b>T\u00e1ctil<\/b><\/h5>\t\t\t\t<\/div>\n\t\t\t\t<\/div>\n\t\t\t\t\t<\/div>\n\t\t<\/div>\n\t\t\t\t\t<\/div>\n\t\t<\/section>\n\t\t\t\t<div class=\"elementor-element elementor-element-186d7ad elementor-widget elementor-widget-heading\" data-id=\"186d7ad\" data-element_type=\"widget\" data-e-type=\"widget\" data-widget_type=\"heading.default\">\n\t\t\t\t<div class=\"elementor-widget-container\">\n\t\t\t\t\t<h1 class=\"elementor-heading-title elementor-size-default\"><b> Entre otros...<\/b><\/h1>\t\t\t\t<\/div>\n\t\t\t\t<\/div>\n\t\t\t\t\t<\/div>\n\t\t<\/div>\n\t\t\t\t\t<\/div>\n\t\t<\/section>\n\t\t\t\t<\/div>\n\t\t","protected":false},"excerpt":{"rendered":"<p>Dispositivos Desarrollamos dispositivos para todas las necesidades. Los pensamos y dise\u00f1amos para que puedan ser utilizados de diversas maneras, con trackeo ocular, mouse, de forma t\u00e1ctil, pulsadores, etc. Nuestros equipos, con y sin trackeo ocular, pueden operar tanto en Android como en Windows. TabOne Dise\u00f1o compacto que integra el eye tracker y una computadora de [&hellip;]<\/p>\n","protected":false},"author":1,"featured_media":0,"parent":0,"menu_order":0,"comment_status":"closed","ping_status":"closed","template":"","meta":{"footnotes":""},"class_list":["post-3521","page","type-page","status-publish","hentry"],"_hostinger_reach_plugin_has_subscription_block":false,"_hostinger_reach_plugin_is_elementor":false,"_links":{"self":[{"href":"https:\/\/neufitech.com.ar\/index.php\/wp-json\/wp\/v2\/pages\/3521","targetHints":{"allow":["GET"]}}],"collection":[{"href":"https:\/\/neufitech.com.ar\/index.php\/wp-json\/wp\/v2\/pages"}],"about":[{"href":"https:\/\/neufitech.com.ar\/index.php\/wp-json\/wp\/v2\/types\/page"}],"author":[{"embeddable":true,"href":"https:\/\/neufitech.com.ar\/index.php\/wp-json\/wp\/v2\/users\/1"}],"replies":[{"embeddable":true,"href":"https:\/\/neufitech.com.ar\/index.php\/wp-json\/wp\/v2\/comments?post=3521"}],"version-history":[{"count":112,"href":"https:\/\/neufitech.com.ar\/index.php\/wp-json\/wp\/v2\/pages\/3521\/revisions"}],"predecessor-version":[{"id":5894,"href":"https:\/\/neufitech.com.ar\/index.php\/wp-json\/wp\/v2\/pages\/3521\/revisions\/5894"}],"wp:attachment":[{"href":"https:\/\/neufitech.com.ar\/index.php\/wp-json\/wp\/v2\/media?parent=3521"}],"curies":[{"name":"wp","href":"https:\/\/api.w.org\/{rel}","templated":true}]}}