{"id":80,"date":"2020-09-16T20:53:34","date_gmt":"2020-09-16T23:53:34","guid":{"rendered":"http:\/\/cinaweb.org\/tienda\/?page_id=80"},"modified":"2026-05-05T00:34:58","modified_gmt":"2026-05-05T03:34:58","slug":"nosotros","status":"publish","type":"page","link":"https:\/\/neufitech.com.ar\/index.php\/nosotros\/","title":{"rendered":"Nosotros"},"content":{"rendered":"\t\t<div data-elementor-type=\"wp-page\" data-elementor-id=\"80\" class=\"elementor elementor-80\">\n\t\t\t\t\t\t<section class=\"elementor-section elementor-top-section elementor-element elementor-element-00326b6 elementor-section-boxed elementor-section-height-default elementor-section-height-default\" data-id=\"00326b6\" data-element_type=\"section\" data-e-type=\"section\">\n\t\t\t\t\t\t<div class=\"elementor-container elementor-column-gap-default\">\n\t\t\t\t\t<div class=\"elementor-column elementor-col-100 elementor-top-column elementor-element elementor-element-8c40a6b\" data-id=\"8c40a6b\" data-element_type=\"column\" data-e-type=\"column\">\n\t\t\t<div class=\"elementor-widget-wrap elementor-element-populated\">\n\t\t\t\t\t\t<div class=\"elementor-element elementor-element-b11003e elementor-widget elementor-widget-heading\" data-id=\"b11003e\" data-element_type=\"widget\" data-e-type=\"widget\" data-widget_type=\"heading.default\">\n\t\t\t\t<div class=\"elementor-widget-container\">\n\t\t\t\t\t<h2 class=\"elementor-heading-title elementor-size-default\">\u00bfQuienes somos?<\/h2>\t\t\t\t<\/div>\n\t\t\t\t<\/div>\n\t\t\t\t<div class=\"elementor-element elementor-element-6d5b3a0 elementor-widget elementor-widget-text-editor\" data-id=\"6d5b3a0\" data-element_type=\"widget\" data-e-type=\"widget\" data-widget_type=\"text-editor.default\">\n\t\t\t\t<div class=\"elementor-widget-container\">\n\t\t\t\t\t\t\t\t\t<p>Somos un grupo de profesionales preocupados por facilitar el camino hacia el aprendizaje para todos aquellos que lo deseen. Nos dedicamos a dise\u00f1ar herramientas de comunicaci\u00f3n, asi como distintos juegos y dispositivos para facilitarle la vida a quienes desean aprender sea cual sea la necesidad que tenga.\u00a0<\/p>\t\t\t\t\t\t\t\t<\/div>\n\t\t\t\t<\/div>\n\t\t\t\t\t<\/div>\n\t\t<\/div>\n\t\t\t\t\t<\/div>\n\t\t<\/section>\n\t\t\t\t<section class=\"elementor-section elementor-top-section elementor-element elementor-element-256fc0e elementor-section-boxed elementor-section-height-default elementor-section-height-default\" data-id=\"256fc0e\" data-element_type=\"section\" data-e-type=\"section\">\n\t\t\t\t\t\t<div class=\"elementor-container elementor-column-gap-default\">\n\t\t\t\t\t<div class=\"elementor-column elementor-col-100 elementor-top-column elementor-element elementor-element-09535a3\" data-id=\"09535a3\" data-element_type=\"column\" data-e-type=\"column\">\n\t\t\t<div class=\"elementor-widget-wrap elementor-element-populated\">\n\t\t\t\t\t\t<div class=\"elementor-element elementor-element-42b65b9 elementor-widget elementor-widget-spacer\" data-id=\"42b65b9\" data-element_type=\"widget\" data-e-type=\"widget\" data-widget_type=\"spacer.default\">\n\t\t\t\t<div class=\"elementor-widget-container\">\n\t\t\t\t\t\t\t<div class=\"elementor-spacer\">\n\t\t\t<div class=\"elementor-spacer-inner\"><\/div>\n\t\t<\/div>\n\t\t\t\t\t\t<\/div>\n\t\t\t\t<\/div>\n\t\t\t\t<div class=\"elementor-element elementor-element-75a01bd elementor-widget__width-initial elementor-widget elementor-widget-html\" data-id=\"75a01bd\" data-element_type=\"widget\" data-e-type=\"widget\" data-widget_type=\"html.default\">\n\t\t\t\t<div class=\"elementor-widget-container\">\n\t\t\t\t\t<style>\r\n\/* -------------------------------------- *\/\r\n\/* 1. Contenedor Principal                *\/\r\n\/* -------------------------------------- *\/\r\n.perfiles-contenedor-general {\r\n    max-width: 1200px;\r\n    margin: 0 auto;\r\n    padding: 20px;\r\n}\r\n\r\n.neufitech-team__title {\r\n  text-align: center;\r\n  font-weight: 700;\r\n  margin: 50px 0 20px 0;\r\n  font-size: 20px;\r\n  letter-spacing: 0.4px;\r\n}\r\n\r\n\/* -------------------------------------- *\/\r\n\/* 2. Fila de 2 Perfiles                  *\/\r\n\/* -------------------------------------- *\/\r\n.perfiles-fila-2 {\r\n    display: grid;\r\n    grid-template-columns: 1fr 1fr;\r\n    gap: 30px;\r\n    align-items: start;\r\n    max-width: 700px;\r\n    margin: 0px auto 30px auto;\r\n}\r\n\r\n\/* -------------------------------------- *\/\r\n\/* 3. Fila de 4 Perfiles                  *\/\r\n\/* -------------------------------------- *\/\r\n.perfiles-fila-3 {\r\n    display: grid;\r\n    grid-template-columns: repeat(4, 1fr);\r\n    gap: 20px;\r\n    justify-items: stretch;\r\n    align-items: start;\r\n}\r\n\r\n\/* -------------------------------------- *\/\r\n\/* 4. Tarjeta                             *\/\r\n\/* -------------------------------------- *\/\r\n.perfil {\r\n    display: flex;\r\n    flex-direction: column;\r\n    align-items: center;\r\n    background: #f8f8f8;\r\n    padding: 20px;\r\n    border-radius: 12px;\r\n    box-shadow: 0 4px 8px rgba(0,0,0,0.2);\r\n    text-align: center;\r\n    height: auto;\r\n    overflow: visible;\r\n    min-height: 350px;\r\n}\r\n\r\n.perfil img {\r\n    width: 150px;\r\n    height: 150px;\r\n    border: 4px solid #32bac9;\r\n    object-fit: cover;\r\n    border-radius: 50%;\r\n    margin-bottom: 15px;\r\n}\r\n\r\n.perfil-info {\r\n    margin-bottom: 0;\r\n}\r\n\r\n.perfil-info h2 {\r\n    margin: 0;\r\n    font-size: 26px !important;\r\n    line-height: 1.1;\r\n    color: #32bac9;\r\n    text-align: center !important;\r\n}\r\n\r\n.perfil-info h5 {\r\n    margin: 5px 0 0 0;\r\n    font-size: 16px !important;\r\n    font-weight: 700 !important;\r\n    text-align: center !important;\r\n    color: #444 !important;\r\n}\r\n\r\n\/* -------------------------------------- *\/\r\n\/* 5. Descripci\u00f3n \u2014 oculta, ANTES del btn *\/\r\n\/* -------------------------------------- *\/\r\n.perfil-descripcion {\r\n    max-height: 0;\r\n    overflow: hidden;\r\n    transition: max-height 0.6s ease, padding 0.4s ease;\r\n    width: 100%;\r\n    padding: 0;\r\n}\r\n\r\n.perfil-descripcion.abierto {\r\n    max-height: 2000px;\r\n    padding: 14px 0 4px 0;\r\n}\r\n\r\n.perfil-descripcion p {\r\n    margin: 0;\r\n    line-height: 2;\r\n    font-size: 15px !important;\r\n    color: #222;\r\n    text-align: justify !important;\r\n}\r\n\r\n\/* -------------------------------------- *\/\r\n\/* 6. Bot\u00f3n \u2014 siempre visible, siempre    *\/\r\n\/*    al final de la tarjeta              *\/\r\n\/* -------------------------------------- *\/\r\n.perfil .btn-toggle {\r\n    display: block !important;\r\n    visibility: visible !important;\r\n    color: #EF8322;\r\n    font-weight: 700;\r\n    font-size: 15px;\r\n    cursor: pointer;\r\n    text-align: center;\r\n    width: 100%;\r\n    user-select: none;\r\n    margin-top: auto;\r\n    padding-top: 14px;\r\n    padding-bottom: 4px;\r\n}\r\n\r\n.perfil .btn-toggle:hover {\r\n    color: #22a9b7;\r\n}\r\n\r\n\/* -------------------------------------- *\/\r\n\/* 7. Responsive                          *\/\r\n\/* -------------------------------------- *\/\r\n@media (min-width: 769px) and (max-width: 1000px) {\r\n    .perfiles-fila-2 {\r\n        max-width: 600px;\r\n    }\r\n    .perfiles-fila-3 {\r\n        grid-template-columns: 1fr 1fr;\r\n    }\r\n}\r\n\r\n@media (max-width: 768px) {\r\n    .perfiles-fila-2,\r\n    .perfiles-fila-3 {\r\n        grid-template-columns: 1fr;\r\n        max-width: none;\r\n        margin-left: 0;\r\n        margin-right: 0;\r\n    }\r\n}\r\n<\/style>\r\n\r\n<div class=\"perfiles-contenedor-general\">\r\n\r\n  <!-- FILA DE 2 -->\r\n  <div class=\"perfiles-fila-2\">\r\n\r\n    <div class=\"perfil\">\r\n      <img decoding=\"async\" src=\"https:\/\/neufitech.com.ar\/wp-content\/uploads\/2025\/10\/GustavoGasaneo-scaled.jpg\" alt=\"Gustavo Gasaneo\">\r\n      <div class=\"perfil-info\">\r\n        <h2>Gustavo Gasaneo<\/h2>\r\n        <h5>Founder<\/h5>\r\n      <\/div>\r\n      <div class=\"perfil-descripcion\">\r\n        <p>Es Doctor en F\u00edsica y profesor titular de la Universidad Nacional del Sur (UNS) e investigador principal del CONICET, con doctorado en F\u00edsica en el Instituto Balseiro (1998). Realiz\u00f3 una estancia postdoctoral en la Universidad de Tennessee, Estados Unidos, y actualmente dirige distintos proyectos de investigaci\u00f3n. En 2017 fund\u00f3 el Centro Integral de Neurociencias Aplicadas (CINA) especializado en investigaci\u00f3n y pr\u00e1ctica cl\u00ednica en salud mental. En 2018 fundo Neufitech SRL. Ha supervisado a numerosos estudiantes de grado y posgrado y publicado en revistas de prestigio internacional. Su experiencia incluye el modelado de sistemas f\u00edsicos, biol\u00f3gicos y conductuales, as\u00ed como estudios con seguimiento ocular (eye tracking).<\/p>\r\n      <\/div>\r\n      <span class=\"btn-toggle\">+ M\u00e1s Info<\/span>\r\n    <\/div>\r\n\r\n    <div class=\"perfil\">\r\n      <img decoding=\"async\" src=\"https:\/\/neufitech.com.ar\/wp-content\/uploads\/2025\/10\/Leonardo-Dimieri-e1761590871487.jpg\" alt=\"Leonardo Dimieri\">\r\n      <div class=\"perfil-info\">\r\n        <h2>Leonardo Dimieri<\/h2>\r\n        <h5>Founder<\/h5>\r\n      <\/div>\r\n      <div class=\"perfil-descripcion\">\r\n        <p>Es Licenciado en F\u00edsica egresado de la Universidad Nacional del Sur, donde actualmente finaliza su Doctorado orientado al modelado de movimientos oculares y al desarrollo de software especializado en eyetracking para estudios conductuales y neurocient\u00edficos. Ha realizado aportes en neurociencia a trav\u00e9s del modelado de sistemas f\u00edsicos y diversas metodolog\u00edas experimentales. Con m\u00e1s de 12 a\u00f1os de experiencia liderando equipos de tecnolog\u00eda, se ha consolidado como experto en desarrollo fullstack de software, ingenier\u00eda y dise\u00f1o de soluciones digitales. Cofundador de Neufitech y supervisor en la creaci\u00f3n y evoluci\u00f3n de los productos digitales de la empresa, combinando su formaci\u00f3n cient\u00edfica con su capacidad de gesti\u00f3n e innovaci\u00f3n. Est\u00e1 comprometido con generar un impacto positivo en la calidad de vida de las personas a trav\u00e9s de la implementaci\u00f3n efectiva de soluciones tecnol\u00f3gicas.<\/p>\r\n      <\/div>\r\n      <span class=\"btn-toggle\">+ M\u00e1s Info<\/span>\r\n    <\/div>\r\n\r\n  <\/div>\r\n\r\n<!-- ============================== -->\r\n    <!-- SECCI\u00d3N: FILA DE 4 -->\r\n<!-- ============================== -->\r\n\r\n  <div class=\"perfiles-fila-3\">\r\n\r\n    <div class=\"perfil\">\r\n      <img decoding=\"async\" src=\"https:\/\/neufitech.com.ar\/wp-content\/uploads\/2025\/10\/Nicolas-Bertoni-e1761591355660.jpg\" alt=\"Nicolas Bertoni\">\r\n      <div class=\"perfil-info\">\r\n        <h2>Nicolas Bertoni<\/h2>\r\n        <h5>Chief Financial Officer<\/h5>\r\n      <\/div>\r\n      <div class=\"perfil-descripcion\">\r\n        <p>Es Contador P\u00fablico graduado de la Universidad Nacional del Sur y titular del estudio contable \"Bertoni & Asociados\", con amplia experiencia en gesti\u00f3n administrativa y financiera. En Neufitech se desempe\u00f1a como responsable del \u00e1rea de administraci\u00f3n y finanzas, asegurando la transparencia en los procesos y la sustentabilidad econ\u00f3mica de la empresa. Adem\u00e1s, forma parte del equipo estrat\u00e9gico, aportando su visi\u00f3n en la planificaci\u00f3n y el crecimiento institucional. Su doble rol como profesional independiente y miembro de Neufitech le permite integrar herramientas de gesti\u00f3n empresarial con una mirada estrat\u00e9gica orientada al desarrollo y la planificaci\u00f3n.<\/p>\r\n      <\/div>\r\n      <span class=\"btn-toggle\">+ M\u00e1s Info<\/span>\r\n    <\/div>\r\n\r\n    <div class=\"perfil\">\r\n      <img decoding=\"async\" src=\"https:\/\/neufitech.com.ar\/wp-content\/uploads\/2024\/02\/agustina-e1761591724686.jpg\" alt=\"Agustina Giorgetti\">\r\n      <div class=\"perfil-info\">\r\n        <h2>Agustina Giorgetti<\/h2>\r\n        <h5>Assistive Technology Specialist<\/h5>\r\n      <\/div>\r\n      <div class=\"perfil-descripcion\">\r\n        <p>Es Licenciada en Psicolog\u00eda y becaria doctoral del CONICET en la Universidad Nacional del Sur, donde investiga y desarrolla herramientas para la evaluaci\u00f3n y el apoyo a la comunicaci\u00f3n en personas con necesidades complejas de movilidad y comunicaci\u00f3n. Su trabajo se orienta a la investigaci\u00f3n, el dise\u00f1o y la aplicaci\u00f3n de instrumentos innovadores, centrados en identificar necesidades y desarrollar funciones que faciliten la comunicaci\u00f3n y la evaluaci\u00f3n en estas poblaciones. Sus actividades se centran en neuropsicolog\u00eda, aprendizaje, desarrollo cognitivo y lenguaje.<\/p>\r\n      <\/div>\r\n      <span class=\"btn-toggle\">+ M\u00e1s Info<\/span>\r\n    <\/div>\r\n\r\n    <div class=\"perfil\">\r\n      <img decoding=\"async\" src=\"https:\/\/neufitech.com.ar\/wp-content\/uploads\/2025\/10\/Lucas-Glave-e1761594337909.jpg\" alt=\"Lucas Glave\">\r\n      <div class=\"perfil-info\">\r\n        <h2>Lucas Glave<\/h2>\r\n        <h5>Chief Technology Officer<\/h5>\r\n      <\/div>\r\n      <div class=\"perfil-descripcion\">\r\n        <p>L\u00edder del equipo de desarrollo en Neufitech, donde coordina proyectos tecnol\u00f3gicos centrados en accesibilidad y comunicaci\u00f3n aumentativa. Integra soluciones de seguimiento ocular (eye tracking), aplicaciones web y m\u00f3viles, e infraestructura con foco en mejorar la experiencia del usuario y promover la inclusi\u00f3n. Curs\u00f3 la carrera de Sistemas Electr\u00f3nicos Industriales Inteligentes en la Universidad Nacional del Sur y complement\u00f3 su formaci\u00f3n con m\u00faltiples cursos y un bootcamp intensivo en programaci\u00f3n web. Su perfil combina el desarrollo de interfaces visuales, bases de datos y sus manejos, gesti\u00f3n de entornos en la nube, experiencia del usuario y optimizaci\u00f3n de procesos. Une innovaci\u00f3n, liderazgo y compromiso en el uso de la tecnolog\u00eda para potenciar la autonom\u00eda y la integraci\u00f3n social.<\/p>\r\n      <\/div>\r\n      <span class=\"btn-toggle\">+ M\u00e1s Info<\/span>\r\n    <\/div>\r\n\r\n    <div class=\"perfil\">\r\n      <img decoding=\"async\" src=\"https:\/\/neufitech.com.ar\/wp-content\/uploads\/2026\/04\/Shanesia-Gasaneo-1x1-3.jpg\" alt=\"Shanesia Gasaneo\">\r\n      <div class=\"perfil-info\">\r\n        <h2>Shanesia Gasaneo<\/h2>\r\n        <h5>Chief Marketing Officer<\/h5>\r\n      <\/div>\r\n      <div class=\"perfil-descripcion\">\r\n        <p>Se desempe\u00f1a como psic\u00f3loga cl\u00ednica en el Centro Integral de Neurociencias Aplicadas, el espacio de salud mental de Neufitech. Es auxiliar docente en la Universidad Salesiana y en la Universidad Cat\u00f3lica de La Plata, y estudiante del Doctorado en Im\u00e1genes M\u00e9dicas en la Universidad Nacional del Sur. En Neufitech, participa activamente en la capacitaci\u00f3n de profesionales y usuarios en el uso del sistema de comunicaci\u00f3n aumentativa y alternativa, as\u00ed como en la gesti\u00f3n de redes sociales, el dise\u00f1o del sitio web, el desarrollo de juegos y otros recursos de comunicaci\u00f3n y estimulaci\u00f3n cognitiva. Sus intereses se centran en la neurociencia y la psicolog\u00eda, especialmente en el aprendizaje, el desarrollo cognitivo y el lenguaje. Su trabajo busca generar aportes relevantes en salud mental e inclusi\u00f3n comunicacional.<\/p>\r\n      <\/div>\r\n      <span class=\"btn-toggle\">+ M\u00e1s Info<\/span>\r\n    <\/div>\r\n<\/div>\r\n\r\n<!-- ============================== -->\r\n<!-- SECCI\u00d3N: Equipo de Programaci\u00f3n -->\r\n<!-- ============================== -->\r\n  \r\n<div class=\"neufitech-team__title\">Equipo de Programaci\u00f3n<\/div>\r\n <div class=\"perfiles-fila-3\">  \r\n\r\n      <div class=\"perfil\">\r\n      <img decoding=\"async\" src=\"https:\/\/neufitech.com.ar\/wp-content\/uploads\/2025\/10\/Mauricio-Partnoy-2.jpg\" alt=\"Mauricio Partnoy\">\r\n      <div class=\"perfil-info\">\r\n        <h2>Mauricio Partnoy<\/h2>\r\n        <h5>Asesor<\/h5>\r\n      <\/div>\r\n      <div class=\"perfil-descripcion\">\r\n        <p>Es Licenciado en Psicolog\u00eda (USAL) y desarrollador con m\u00e1s de 10 a\u00f1os de experiencia en Unity Engine. Programador principal en Dash Team Games. Ha participado como mentor en la Comunidad de Desarrolladores de Videojuegos de Bah\u00eda Blanca. Trabaj\u00f3 en el Centro Integral de Neurociencias Aplicadas (CINA), creando sistemas de comunicaci\u00f3n aumentativa y alternativa y herramientas de evaluaci\u00f3n integradas con eye tracking. En Neufitech colabora en el desarrollo de herramientas de interacci\u00f3n y de evaluaci\u00f3n as\u00ed como en juegos que exploran formas de input alternativas.<\/p>\r\n      <\/div>\r\n      <span class=\"btn-toggle\">+ M\u00e1s Info<\/span>\r\n    <\/div>\r\n    \r\n        <div class=\"perfil\">\r\n      <img decoding=\"async\" src=\"https:\/\/neufitech.com.ar\/wp-content\/uploads\/2026\/04\/Brenda-Martinez-nueva-1x1.jpg-1.jpeg\" alt=\"Brenda Martinez\">\r\n      <div class=\"perfil-info\">\r\n        <h2>Brenda Martinez<\/h2>\r\n        <h5>Desarrolladora Full-Stack<\/h5>\r\n      <\/div>\r\n      <div class=\"perfil-descripcion\">\r\n        <p>Es Ingeniera en Sistemas de Informaci\u00f3n, graduada de la Universidad Nacional del Sur. Inici\u00f3 su trayectoria profesional como pasante en Neufitech, donde particip\u00f3 en el desarrollo e implementaci\u00f3n de soluciones tecnol\u00f3gicas orientadas a la accesibilidad y la comunicaci\u00f3n aumentativa. Durante su Pr\u00e1ctica Profesional Supervisada trabaj\u00f3 en mejoras funcionales del sistema. En el marco de su Proyecto Final de Carrera desarroll\u00f3 un m\u00f3dulo innovador de clasificaci\u00f3n gramatical y conjugaci\u00f3n din\u00e1mica. Actualmente forma parte del equipo de Neufitech, participando activamente en nuevos proyectos, mejoras continuas e integraci\u00f3n de funcionalidades para los distintos sistemas de la empresa.<\/p>\r\n      <\/div>\r\n      <span class=\"btn-toggle\">+ M\u00e1s Info<\/span>\r\n    <\/div>\r\n    \r\n        <div class=\"perfil\">\r\n      <img decoding=\"async\" src=\"https:\/\/neufitech.com.ar\/wp-content\/uploads\/2026\/04\/Juan-Atismendi.jpeg\" alt=\"Shanesia Gasaneo\">\r\n      <div class=\"perfil-info\">\r\n        <h2>Juan Arismendi<\/h2>\r\n        <h5>Desarrollador Full-Stack<\/h5>\r\n      <\/div>\r\n      <div class=\"perfil-descripcion\">\r\n        <p>Nacido en Tucum\u00e1n, entr\u00f3 a Neufitech con la misi\u00f3n de crear la aplicaci\u00f3n SAI enfocada en expandir la accesibilidad a aplicaciones y p\u00e1ginas web de uso cotidiano. Tambi\u00e9n moderniz\u00f3 el c\u00f3digo de SIAACom a nuevas tecnolog\u00edas lo que permiti\u00f3 continuar el desarrollo en la misma a la vez que expandir y mejorar su funcionamiento manteniendo el foco en las necesidades de los pacientes. Curs\u00f3 la carrera de T\u00e9cnico en Desarrollo y Calidad de Software en la Universidad Santo Tom\u00e1s de Aquino (UNSTA) y mejor\u00f3 su perfil en un bootcamp intensivo en programaci\u00f3n web. Actualmente contin\u00faa el desarrollo de las aplicaciones que ofrece Neufitech al mismo tiempo que migra las novedades a sus versiones m\u00f3viles y dise\u00f1a las bases de datos necesarias para su funcionamiento y el de sistemas internos de la empresa. Su expertise consta de la resoluci\u00f3n de problemas en nuestras aplicaciones, la planificaci\u00f3n e implementaci\u00f3n de nuevas funcionalidades y el dise\u00f1o de bases de datos.<\/p>\r\n      <\/div>\r\n      <span class=\"btn-toggle\">+ M\u00e1s Info<\/span>\r\n    <\/div>\r\n    <\/div>\r\n<!-- ============================== -->\r\n<!-- SECCI\u00d3N: Capacitadores -->\r\n<!-- ============================== -->\r\n\r\n<div class=\"neufitech-team__title\">Capacitadores<\/div>\r\n <div class=\"perfiles-fila-3\">  \r\n \r\n     <div class=\"perfil\">\r\n      <img decoding=\"async\" src=\"https:\/\/neufitech.com.ar\/wp-content\/uploads\/2025\/10\/Selene-Becher-e1761594593839.jpg\" alt=\"Selene Becher\">\r\n      <div class=\"perfil-info\">\r\n        <h2>Selene Becher<\/h2>\r\n        <h5>Terapeuta en CAA - Capacitadora<\/h5>\r\n      <\/div>\r\n      <div class=\"perfil-descripcion\">\r\n        <p>Licenciada y Profesora en Psicopedagog\u00eda. Trabaja en el Centro Integral de Neurociencias Aplicadas (CINA) el espacio de cl\u00ednica en salud mental de Neufitech y en Consultorio Privado realizando evaluaciones neurocognitivas; tratamiento psicopedagogico a ni\u00f1os y adolescentes; seguimiento de las trayectorias escolares; orientaci\u00f3n a familias e instituciones. Asimismo, realiza estimulaci\u00f3n cognitiva en adultos y adultos mayores tanto en consultorio privado como en talleres grupales. En Neufitech, participa en la capacitaci\u00f3n de usuarios en el uso del sistema de comunicaci\u00f3n aumentativa y alternativa. Su principal objetivo es acompa\u00f1ar a pacientes, familias y sus profesionales tratantes para encontrar, juntos, la mejor forma de aprender.<\/p>\r\n      <\/div>\r\n      <span class=\"btn-toggle\">+ M\u00e1s Info<\/span>\r\n    <\/div>\r\n    \r\n     <div class=\"perfil\">\r\n      <img decoding=\"async\" src=\"https:\/\/neufitech.com.ar\/wp-content\/uploads\/2026\/04\/Rocio-Fernandez-Budareto-1x1-1-scaled.jpg\" alt=\"Roc\u00edo Fern\u00e1ndez Budareto\">\r\n      <div class=\"perfil-info\">\r\n        <h2>Roc\u00edo Fern\u00e1ndez Budareto<\/h2>\r\n        <h5>Capacitadora (ni\u00f1os y adultos)<\/h5>\r\n      <\/div>\r\n      <div class=\"perfil-descripcion\">\r\n        <p>Es Licenciada en Psicolog\u00eda y T\u00e9cnica en Acompa\u00f1amiento Terap\u00e9utico. Cuenta con diversas formaciones vinculadas a la salud mental y al abordaje de aspectos emocionales.En Neufitech brinda capacitaciones a usuarios, familiares y profesionales, acompa\u00f1\u00e1ndolos en el aprendizaje y uso de Sistemas de Comunicaci\u00f3n Aumentativa y Alternativa (CAA). Adem\u00e1s, se desempe\u00f1a como psic\u00f3loga cl\u00ednica en el Centro Integral de Neurociencias Aplicadas (CINA), como tallerista en la Cl\u00ednica Privada Bahiense y realiza acompa\u00f1amientos terap\u00e9uticos particulares con ni\u00f1os y adultos. Su pr\u00e1ctica profesional se orienta tambi\u00e9n al desarrollo e investigaci\u00f3n en el campo de las neurociencias y su articulaci\u00f3n con la tecnolog\u00eda.<\/p>\r\n      <\/div>\r\n      <span class=\"btn-toggle\">+ M\u00e1s Info<\/span>\r\n    <\/div>\r\n    \r\n     <div class=\"perfil\">\r\n      <img decoding=\"async\" src=\"https:\/\/neufitech.com.ar\/wp-content\/uploads\/2025\/10\/Ariel-Piampiani-e1761594780699.jpg\" alt=\"Ariel Piampiani\">\r\n      <div class=\"perfil-info\">\r\n        <h2>Ariel Piampiani<\/h2>\r\n        <h5>Capacitador (adultos)<\/h5>\r\n      <\/div>\r\n      <div class=\"perfil-descripcion\">\r\n        <p>Es Licenciado en Psicolog\u00eda, con formaci\u00f3n e intereses en salud mental y en la investigaci\u00f3n de los procesos emocionales y cognitivos. Su labor acad\u00e9mica se orienta a las neurociencias y la neuropsicolog\u00eda, con el prop\u00f3sito de contribuir a una mejor comprensi\u00f3n y abordaje de la salud mental. En Neufitech se desempe\u00f1a como capacitador, brindando acompa\u00f1amiento integral en el aprendizaje y uso de los sistemas de comunicaci\u00f3n aumentativa y alternativa. Su rol abarca a los pacientes, sus familias y a los profesionales de la salud que trabajan con el paciente, promoviendo el uso correcto y efectivo de estas herramientas de comunicaci\u00f3n.<\/p>\r\n      <\/div>\r\n      <span class=\"btn-toggle\">+ M\u00e1s Info<\/span>\r\n    <\/div>\r\n \r\n      <div class=\"perfil\">\r\n      <img decoding=\"async\" src=\"https:\/\/neufitech.com.ar\/wp-content\/uploads\/2026\/04\/Silvina-Keberlein-1x1-1.jpg\" alt=\"Ariel Piampiani\">\r\n      <div class=\"perfil-info\">\r\n        <h2>Silvina Natalia Keberlein<\/h2>\r\n        <h5>Capacitadora (ni\u00f1os y adultos)<\/h5>\r\n      <\/div>\r\n      <div class=\"perfil-descripcion\">\r\n        <p>Es T\u00e9cnica en Acompa\u00f1amiento Terap\u00e9utico, egresada de la Universidad Nacional del Sur, y estudiante de la Licenciatura en Educaci\u00f3n Especial, con orientaci\u00f3n en Trastornos Motores y del Desarrollo. Cuenta con 10 a\u00f1os de experiencia acompa\u00f1ando trayectorias educativas y vinculares de ni\u00f1os y adolescentes en el \u00e1mbito institucional. Forma parte del equipo de Neufitech como capacitadora, donde se desempe\u00f1a en el acompa\u00f1amiento e implementaci\u00f3n en sistemas de Comunicaci\u00f3n Aumentativa y Alternativa, con el objetivo de favorecer la accesibilidad, la comunicaci\u00f3n y la inclusi\u00f3n.<\/p>\r\n      <\/div>\r\n      <span class=\"btn-toggle\">+ M\u00e1s Info<\/span>\r\n    <\/div>\r\n   \r\n   <\/div>\r\n   \r\n<\/div>\r\n\r\n<script>\r\ndocument.addEventListener(\"click\", function(e) {\r\n  if (!e.target.classList.contains(\"btn-toggle\")) return;\r\n  var card = e.target.closest(\".perfil\");\r\n  if (!card) return;\r\n  var desc = card.querySelector(\".perfil-descripcion\");\r\n  if (!desc) return;\r\n  var abierto = desc.classList.contains(\"abierto\");\r\n  desc.classList.toggle(\"abierto\");\r\n  e.target.textContent = abierto ? \"+ M\u00e1s Info\" : \"\u2212 Menos Info\";\r\n});\r\n<\/script>\t\t\t\t<\/div>\n\t\t\t\t<\/div>\n\t\t\t\t\t<\/div>\n\t\t<\/div>\n\t\t\t\t\t<\/div>\n\t\t<\/section>\n\t\t\t\t<\/div>\n\t\t","protected":false},"excerpt":{"rendered":"<p>\u00bfQuienes somos? Somos un grupo de profesionales preocupados por facilitar el camino hacia el aprendizaje para todos aquellos que lo deseen. Nos dedicamos a dise\u00f1ar herramientas de comunicaci\u00f3n, asi como distintos juegos y dispositivos para facilitarle la vida a quienes desean aprender sea cual sea la necesidad que tenga.\u00a0 Gustavo Gasaneo Founder Es Doctor en [&hellip;]<\/p>\n","protected":false},"author":1,"featured_media":0,"parent":0,"menu_order":0,"comment_status":"closed","ping_status":"closed","template":"elementor_header_footer","meta":{"footnotes":""},"class_list":["post-80","page","type-page","status-publish","hentry"],"_hostinger_reach_plugin_has_subscription_block":false,"_hostinger_reach_plugin_is_elementor":false,"_links":{"self":[{"href":"https:\/\/neufitech.com.ar\/index.php\/wp-json\/wp\/v2\/pages\/80","targetHints":{"allow":["GET"]}}],"collection":[{"href":"https:\/\/neufitech.com.ar\/index.php\/wp-json\/wp\/v2\/pages"}],"about":[{"href":"https:\/\/neufitech.com.ar\/index.php\/wp-json\/wp\/v2\/types\/page"}],"author":[{"embeddable":true,"href":"https:\/\/neufitech.com.ar\/index.php\/wp-json\/wp\/v2\/users\/1"}],"replies":[{"embeddable":true,"href":"https:\/\/neufitech.com.ar\/index.php\/wp-json\/wp\/v2\/comments?post=80"}],"version-history":[{"count":212,"href":"https:\/\/neufitech.com.ar\/index.php\/wp-json\/wp\/v2\/pages\/80\/revisions"}],"predecessor-version":[{"id":5981,"href":"https:\/\/neufitech.com.ar\/index.php\/wp-json\/wp\/v2\/pages\/80\/revisions\/5981"}],"wp:attachment":[{"href":"https:\/\/neufitech.com.ar\/index.php\/wp-json\/wp\/v2\/media?parent=80"}],"curies":[{"name":"wp","href":"https:\/\/api.w.org\/{rel}","templated":true}]}}